
In base 15, what is 10 - -a9b?
aab
In base 15, what is -b749a - -4?
-b7496
In base 5, what is 21 - -12123?
12144
In base 5, what is 314 - -1122303?
1123122
In base 11, what is 7a700 - -5?
7a705
In base 7, what is -560321 - 0?
-560321
In base 7, what is 0 + -36154?
-36154
In base 10, what is 11209 - -3?
11212
In base 8, what is 404 + 6471?
7075
In base 10, what is -9246 - 187?
-9433
In base 4, what is -132 + -301320?
-302112
In base 5, what is 1424411 + 1?
1424412
In base 11, what is -163669 + -10?
-163679
In base 10, what is 981 - -16?
997
In base 3, what is 11001022 - 101010?
10200012
In base 3, what is -2112 - 212110012?
-212112201
In base 2, what is -1101000011 + -10001101?
-1111010000
In base 11, what is -28a2 + 13?
-288a
In base 7, what is -20 + 632010?
631660
In base 5, what is -143403324 + -1?
-143403330
In base 11, what is 11a6 + -49?
1158
In base 10, what is -1405 + -817?
-2222
In base 5, what is -10 + 103324343?
103324333
In base 3, what is -22 + 12120102?
12120010
In base 11, what is 663 - -12?
675
In base 10, what is 58694 - -2?
58696
In base 4, what is 2211231 + -1100?
2210131
In base 15, what is -1030 - -4?
-102b
In base 13, what is -5 + -c49a?
-c4a2
In base 5, what is -214033 - 302?
-214340
In base 3, what is 222021010 - 0?
222021010
In base 13, what is 89 - -31?
ba
In base 10, what is 29323 + 2?
29325
In base 13, what is 7a31 - -5?
7a36
In base 16, what is -a8b - 22?
-aad
In base 10, what is -5749 + 170?
-5579
In base 12, what is -51 + 15622?
15591
In base 4, what is -1 - 12203000321?
-12203000322
In base 7, what is 2 + -12045?
-12043
In base 14, what is 3 - 61ca?
-61c7
In base 11, what is -124a22 + -16?
-124a38
In base 9, what is 1521 - -6?
1527
In base 12, what is -6a660 + 4?
-6a658
In base 3, what is -211121 - 11102?
-1000000
In base 11, what is -756 + 56?
-700
In base 15, what is -6 + -14b?
-152
In base 16, what is -1a377 + 8?
-1a36f
In base 13, what is 1a336 - 11?
1a325
In base 12, what is -16006 - 0?
-16006
In base 14, what is -2a782 - 1?
-2a783
In base 3, what is 110020 - -1011221?
1122011
In base 7, what is 5053 + 13?
5066
In base 2, what is 111011001111110 + 1000110?
111011011000100
In base 4, what is -2333 + 3210323?
3201330
In base 8, what is -12110 + -62?
-12172
In base 8, what is -765 + 525?
-240
In base 13, what is 90a + 14?
921
In base 14, what is -23 + -4915?
-4938
In base 6, what is -1020203 - -2?
-1020201
In base 6, what is 142500 + 1523?
144423
In base 12, what is 1 + 201a?
201b
In base 5, what is 32131 + -1244?
30332
In base 6, what is -51 + -3551?
-4042
In base 13, what is 0 - 32aa4?
-32aa4
In base 5, what is -12 - 132424?
-132441
In base 2, what is -1101010100100001 + -1111?
-1101010100110000
In base 4, what is -3202 - -2221?
-321
In base 16, what is -204c - -6?
-2046
In base 15, what is 9c - 2863?
-27b6
In base 10, what is -3407 - 113?
-3520
In base 8, what is -141 - -4160?
4017
In base 3, what is -11 - -212200002111?
212200002100
In base 11, what is -4 - -1a300?
1a2a7
In base 16, what is -2 + -12a210?
-12a212
In base 4, what is 13 + 221320311?
221320330
In base 7, what is -4013 + 1406?
-2304
In base 11, what is 69149 + 2?
69150
In base 9, what is -3083 - 142?
-3235
In base 8, what is 357 - 32?
325
In base 13, what is -15 - -8150?
8138
In base 4, what is -331301301 - -21?
-331301220
In base 15, what is 5eeeb + 1?
5eeec
In base 5, what is -10 + -1004440?
-1010000
In base 9, what is 40 + 716?
756
In base 3, what is -11 + 1200211121?
1200211110
In base 13, what is 5783 - 71?
5712
In base 15, what is 24576d - 1?
24576c
In base 9, what is 8 - -1062484?
1062503
In base 8, what is -4500 - 23?
-4523
In base 7, what is 11544 - 3?
11541
In base 11, what is -67592 - 9?
-675a0
In base 6, what is -20 - 330?
-350
In base 15, what is 1d1 + -18?
1b8
In base 4, what is -1000 + -33101?
-100101
In base 6, what is -354344 + -205?
-354553
In base 3, what is -12 + 1001121112021?
1001121112002
In base 6, what is -15353 + -3445?
-23242
In base 10, what is -109 + 1925?
1816
In base 6, what is -14414 + 43?
-14331
In base 15, what is -31 + 200?
1be
In base 7, what is 2 - -312030?
312032
In base 12, what is -83b57 + -4?
-83b5b
In base 5, what is 142243 + 2401?
200144
In base 13, what is 290b - 3?
2908
In base 16, what is fef6 - 5?
fef1
In base 10, what is -5 - 1646859?
-1646864
In base 3, what is -22110 + 1200?
-20210
In base 13, what is 4 - 3c466?
-3c462
In base 5, what is -102332 + 34?
-102243
In base 11, what is 237471 + -3?
237469
In base 12, what is 20 + 126b?
128b
In base 2, what is 100000110111111010 + 111?
100000111000000001
In base 11, what is -1a7914 + 0?
-1a7914
In base 12, what is 3 + 1494?
1497
In base 2, what is 100000110000011 - 101?
100000101111110
In base 7, what is -1 - 530315?
-530316
In base 15, what is -281 + -60?
-2e1
In base 4, what is 1322300 + 2?
1322302
In base 11, what is -33685 + -7?
-33691
In base 14, what is c00 + 3a?
c3a
In base 16, what is -2 - -645dd?
645db
In base 15, what is -224b + -1?
-224c
In base 10, what is -4188 + -10?
-4198
In base 14, what is 5 - -1892d3?
1892d8
In base 6, what is 1 + 13111500?
13111501
In base 11, what is -2 - -1473?
1471
In base 9, what is 30 - 2851?
-2821
In base 6, what is -5 - -20520342?
20520333
In base 3, what is -10 + -2122222011211?
-2122222011221
In base 4, what is 1003100022 - -11?
1003100033
In base 9, what is -658 + 41?
-617
In base 7, what is -362 + -15622?
-16314
In base 11, what is 15a53a + 2?
15a541
In base 3, what is -1012 + 1102000?
1100211
In base 16, what is -17 - 237?
-24e
In base 4, what is -2220 - 2022?
-10302
In base 12, what is -b309 + 179?
-b150
In base 15, what is -4 - a98?
-a9c
In base 12, what is -a2 + -76?
-158
In base 13, what is 9 - 341?
-335
In base 7, what is -122 - 11103?
-11225
In base 6, what is 0 - 2132404?
-2132404
In base 16, what is 3 + 117e8e?
117e91
In base 2, what is -1101 + -101011001000?
-101011010101
In base 3, what is 1002022122 + -2?
1002022120
In base 5, what is 13430402 - -10?
13430412
In base 9, what is -3074 + 681?
-2283
In base 5, what is 3 + 21402?
21410
In base 11, what is 12a - -112?
241
In base 11, what is 2aa919 + 0?
2aa919
In base 16, what is -18 - 1d18?
-1d30
In base 13, what is 2100a - 2?
21008
In base 7, what is 213401 + 40?
213441
In base 8, what is -5 - 324062?
-324067
In base 16, what is -15 + -44c5?
-44da
In base 13, what is 6b3337 - -5?
6b333c
In base 14, what is 6d - c1?
-52
In base 9, what is -30804 - 6?
-30811
In base 2, what is -11 - -1100000010011?
1100000010000
In base 3, what is 10 + -22210012201?
-22210012121
In base 8, what is -5 - 32110?
-32115
In base 9, what is -1135 - -3?
-1132
In base 6, what is 231 + 53255?
53530
In base 3, what is 10 + -111122210210?
-111122210200
In base 7, what is 5 - -40266?
40304
In base 15, what is 3 + -6c11?
-6c0d
In base 12, what is 15b718 + 0?
15b718
In base 12, what is -6396 + 66?
-6330
In base 15, what is -5 - 14adc?
-14ae2
In base 9, what is -3475 - -1?
-3474
In base 10, what is 98793 - 0?
98793
In base 3, what is -1010 + 1000022222?
1000021212
In base 10, what is -365 - 74?
-439
In base 16, what is -2b60 + 1a?
-2b46
In base 7, what is 52044 - -130?
52204
In base 12, what is 737 - 0?
737
In base 2, what is -11111000010001111011 + 110?
-11111000010001110101
In base 6, what is -30050 - 1?
-30051
In base 14, what is -5 - 1a6a?
-1a71
In base 3, what is -20010120 - -210?
-20002210
In base 14, what is 9c - -23?
c1
In base 13, what is -16c1 + -93?
-1784
In base 14, what is 18 + -1426?
-140c
In base 7, what is 10236 - -131?
10400
In base 9, what is 320 - 84?
225
In base 15, what is -1 + 1c4a9?
1c4a8
In base 11, what is -151 + -719?
-86a
In base 15, what is 3 + 155b?
155e
In base 16, what is -5 + 5ddf8?
5ddf3
In base 3, what is 2221020 + -1122?
2212121
In base 16, what is 2 + -1b3?
-1b1
In base 4, what is 111 - -11001033?
11001210
In base 2, what is -100100010000 - -1101?
-100100000011
In base 12, what is -5 - 5865?
-586a
In base 3, what is 120012 + -100112?
12200
In base 9, what is -6813 + 3?
-6810
In base 12, what is 2 - 49489?
-49487
In base 3, what is 121 + 11121202011?
11121202202
In base 16, what is 1ad97 - -8?
1ad9f
In base 13, what is -a + 11116?
11109
In base 6, what is 512543 + 3?
512550
In base 8, what is 21 - -337330?
337351
In base 16, what is 4f5 + -8?